What is the remainder when 17013 is divided by 24?
21
Calculate the remainder when 2077 is divided by 1037.
3
What is the remainder when 2345 is divided by 157?
147
Calculate the remainder when 140 is divided by 71.
69
What is the remainder when 3358 is divided by 838?
6
Calculate the remainder when 149 is divided by 42.
23
Calculate the remainder when 1508 is divided by 27.
23
What is the remainder when 289 is divided by 49?
44
Calculate the remainder when 597 is divided by 40.
37
Calculate the remainder when 11181 is divided by 8.
5
What is the remainder when 493 is divided by 80?
13
What is the remainder when 169 is divided by 75?
19
Calculate the remainder when 446 is divided by 16.
14
Calculate the remainder when 901 is divided by 113.
110
What is the remainder when 680 is divided by 46?
36
Calculate the remainder when 1214 is divided by 87.
83
What is the remainder when 280 is divided by 20?
0
Calculate the remainder when 109 is divided by 14.
11
What is the remainder when 95 is divided by 17?
10
What is the remainder when 67 is divided by 13?
2
Calculate the remainder when 184 is divided by 28.
16
What is the remainder when 141 is divided by 20?
1
What is the remainder when 1387 is divided by 20?
7
Calculate the remainder when 2615 is divided by 12.
11
What is the remainder when 277 is divided by 40?
37
Calculate the remainder when 5 is divided by 5.
0
What is the remainder when 10 is divided by 1?
0
Calculate the remainder when 172 is divided by 44.
40
What is the remainder when 44 is divided by 29?
15
What is the remainder when 1366 is divided by 76?
74
What is the remainder when 7410 is divided by 337?
333
What is the remainder when 217 is divided by 61?
34
What is the remainder when 168 is divided by 8?
0
Calculate the remainder when 5606 is divided by 3.
2
What is the remainder when 523 is divided by 64?
11
What is the remainder when 160 is divided by 34?
24
What is the remainder when 1092 is divided by 64?
4
Calculate the remainder when 47 is divided by 6.
5
Calculate the remainder when 83 is divided by 60.
23
Calculate the remainder when 39 is divided by 19.
1
What is the remainder when 7250 is divided by 74?
72
What is the remainder when 19 is divided by 11?
8
What is the remainder when 396 is divided by 41?
27
What is the remainder when 2473 is divided by 99?
97
Calculate the remainder when 159 is divided by 40.
39
Calculate the remainder when 6129 is divided by 5.
4
What is the remainder when 132 is divided by 45?
42
Calculate the remainder when 711 is divided by 12.
3
What is the remainder when 245 is divided by 53?
33
Calculate the remainder when 70 is divided by 3.
1
Calculate the remainder when 781 is divided by 205.
166
What is the remainder when 2833 is divided by 86?
81
Calculate the remainder when 221 is divided by 119.
102
What is the remainder when 277 is divided by 70?
67
What is the remainder when 1188 is divided by 8?
4
Calculate the remainder when 44 is divided by 43.
1
Calculate the remainder when 43 is divided by 13.
4
What is the remainder when 10063 is divided by 25?
13
What is the remainder when 304 is divided by 7?
3
Calculate the remainder when 2803 is divided by 122.
119
What is the remainder when 488 is divided by 168?
152
Calculate the remainder when 711 is divided by 150.
111
Calculate the remainder when 65 is divided by 17.
14
What is the remainder when 21 is divided by 13?
8
What is the remainder when 10464 is divided by 12?
0
What is the remainder when 707 is divided by 185?
152
What is the remainder when 2702 is divided by 108?
2
What is the remainder when 1304 is divided by 69?
62
What is the remainder when 581 is divided by 39?
35
What is the remainder when 140 is divided by 61?
18
What is the remainder when 86 is divided by 9?
5
What is the remainder when 250 is divided by 14?
12
What is the remainder when 4821 is divided by 241?
1
Calculate the remainder when 70 is divided by 18.
16
Calculate the remainder when 3657 is divided by 122.
119
What is the remainder when 265 is divided by 48?
25
What is the remainder when 42 is divided by 42?
0
Calculate the remainder when 313 is divided by 5.
3
What is the remainder when 975 is divided by 21?
9
What is the remainder when 1006 is divided by 965?
41
Calculate the remainder when 1033 is divided by 206.
3
Calculate the remainder when 614 is divided by 183.
65
Calculate the remainder when 295 is divided by 76.
67
What is the remainder when 345 is divided by 5?
0
Calculate the remainder when 144 is divided by 30.
24
What is the remainder when 489 is divided by 45?
39
Calculate the remainder when 180 is divided by 23.
19
Calculate the remainder when 1751 is divided by 85.
51
Calculate the remainder when 484 is divided by 88.
44
Calculate the remainder when 358 is divided by 34.
18
What is the remainder when 167 is divided by 56?
55
What is the remainder when 229 is divided by 29?
26
What is the remainder when 736 is divided by 128?
96
Calculate the remainder when 221 is divided by 6.
5
Calculate the remainder when 546 is divided by 50.
46
Calculate the remainder when 232 is divided by 26.
24
Calculate the remainder when 89 is divided by 18.
17
What is the remainder when 65 is divided by 11?
10
What is the remainder when 864 is divided by 50?
14
What is the remainder when 166 is divided by 44?
34
What is the remainder when 273 is divided by 12?
9
Calculate the remainder when 6802 is divided by 42.
40
What is the remainder when 32221 is divided by 23?
21
What is the remainder when 119 is divided by 3?
2
What is the remainder when 341 is divided by 3?
2
Calculate the remainder when 144 is divided by 22.
12
What is the remainder when 431 is divided by 375?
56
Calculate the remainder when 223 is divided by 38.
33
Calculate the remainder when 74 is divided by 34.
6
What is the remainder when 1437 is divided by 46?
11
What is the remainder when 1503 is divided by 73?
43
What is the remainder when 165 is divided by 23?
4
Calculate the remainder when 328 is divided by 47.
46
Calculate the remainder when 476 is divided by 101.
72
Calculate the remainder when 177 is divided by 52.
21
Calculate the remainder when 165 is divided by 17.
12
What is the remainder when 3 is divided by 1?
0
Calculate the remainder when 412 is divided by 104.
100
What is the remainder when 514 is divided by 133?
115
Calculate the remainder when 4749 is divided by 18.
15
Calculate the remainder when 39 is divided by 9.
3
Calculate the remainder when 147 is divided by 13.
4
What is the remainder when 110 is divided by 28?
26
Calculate the remainder when 4948 is divided by 33.
31
Calculate the remainder when 287 is divided by 61.
43
What is the remainder when 135 is divided by 47?
41
What is the remainder when 283 is divided by 39?
10
What is the remainder when 196 is divided by 31?
10
What is the remainder when 191 is divided by 3?
2
Calculate the remainder when 1009 is divided by 149.
115
Calculate the remainder when 12532 is divided by 7.
2
Calculate the remainder when 110 is divided by 30.
20
What is the remainder when 980 is divided by 270?
170
What is the remainder when 59 is divided by 23?
13
What is the remainder when 102 is divided by 28?
18
Calculate the remainder when 194 is divided by 27.
5
What is the remainder when 2645 is divided by 98?
97
What is the remainder when 292 is divided by 50?
42
Calculate the remainder when 3135 is divided by 49.
48
Calculate the remainder when 10893 is divided by 8.
5
What is the remainder when 803 is divided by 115?
113
What is the remainder when 232 is divided by 71?
19
Calculate the remainder when 249 is divided by 132.
117
What is the remainder when 1591 is divided by 76?
71
What is the remainder when 671 is divided by 12?
11
Calculate the remainder when 1320 is divided by 49.
46
What is the remainder when 578 is divided by 20?
18
What is the remainder when 46 is divided by 6?
4
What is the remainder when 85 is divided by 16?
5
What is the remainder when 91 is divided by 46?
45
What is the remainder when 777 is divided by 286?
205
What is the remainder when 335 is divided by 16?
15
Calculate the remainder when 89 is divided by 48.
41
Calculate the remainder when 461 is divided by 149.
14
What is the remainder when 2462 is divided by 16?
14
C